 + 18, c*w + f = 34. What are the prime factors of w?
3, 5
Let s(f) = f**3 - f**2 - 1. Let t be s(0). Let g = t + 5. What are the prime factors of g?
2
What are the prime factors of (56/(-6))/(6/(-27))?
2, 3, 7
Suppose -6*c - 1 = -5*c. Let g(i) = -13*i. What are the prime factors of g(c)?
13
Suppose 36 = 2*q - 12. Let d(b) = -19*b**2 - b. Let v be d(-1). List the prime factors of (q/v)/(2/(-27)).
2, 3
Let p(o) = -o + 2. Let l(d) = -d**3 - 5*d**2 - 7*d - 4. Let y be l(-4). Let k be p(y). Let c = 9 + k. List the prime factors of c.
3
Suppose 0 = -4*v - 1 + 77. What are the prime factors of v?
19
Suppose 3*v - 4*c = 0, 0*c = -4*v + 5*c. Let k = 22 + v. What are the prime factors of k?
2, 11
Let w(l) = -5*l + 1. Let x be w(-1). Suppose -k + 4*k = x. List the prime factors of k/3 + 86/6.
3, 5
Let u = 5 + 0. Suppose u*a + 19 = -c + 3*c, 31 = 2*c - a. What are the prime factors of c?
17
Let g(b) be the third derivative of b**6/120 - b**5/60 - b**4/12 + b**3/3 - 2*b**2. Let r be g(2). Suppose 18 = -r*x + 5*x. What are the prime factors of x?
2, 3
Suppose 0 = -0*n + n - 5. Suppose f = a + 2*f - n, -3*f - 9 = -3*a. List the prime factors of a.
2
Suppose 3*d + d - 44 = 0. Suppose -29*z + 28*z + d = 0. What are the prime factors of z?
11
Suppose 3*h - 2*k = -h + 38, -2*h + 2*k + 22 = 0. Suppose 2*r = -h + 40. What are the prime factors of r?
2
Suppose 2*t + s - 357 = 0, 0 = -4*t - 5*s + 132 + 585. What are the prime factors of t?
2, 89
Let f = 129 - 83. Suppose -b - 3 = -f. What are the prime factors of b?
43
Let d be (1 - -1)/2 - -13. Let j = 35 - d. Suppose -5*z + 2*z = -j. What are the prime factors of z?
7
Suppose -5*u - 310 = -5*i - 0*u, 258 = 4*i + u. What are the prime factors of i?
2
Let d be (-1)/(((-2)/(-1))/(-2)). Let q(u) = u + 1. What are the prime factors of q(d)?
2
Let i = -2 + 44. Suppose 2*u - 66 = 4*p, 4*u - 78 = 4*p + i. What are the prime factors of u?
3
Suppose 0 = -0*h + 6*h - 30. Suppose 0*l + l + 3 = 0. Let y = h - l. List the prime factors of y.
2
List the prime factors of (-11)/(44/408)*(-16)/6.
2, 17
Suppose -w + 6 = 2*w. Let x(u) = -2*u - 6*u**w - 4 + 0*u**3 - u**3 + 0*u**2 + 0*u**2. List the prime factors of x(-6).
2
Suppose a + 8 - 2 = 0. Let b = 8 + a. What are the prime factors of b?
2
Let g be -2 + 4*(-2)/(-4). Suppose g = 2*q + 2*q - 48. List the prime factors of q.
2, 3
Suppose 0 = -4*r + 8, -5*p - 4*r = -30 - 158. Suppose -2*w - 130 = -7*w + 5*s, 0 = -2*w - 2*s + p. List the prime factors of w.
2, 11
Let u be (2 - 10/4)*2. Let y be (-2 - 17) + u + 0. Let x = -11 - y. What are the prime factors of x?
3
Let y be 56/(-10)*60/(-6). Let l = y + -21. List the prime factors of l.
5, 7
Suppose 0 = 5*d + 3*d - 904. What are the prime factors of d?
113
List the prime factors of (5/(10/(-12)) + 2)*-50.
2, 5
Suppose -4*i + 3*j - 133 = 0, -3*i = i + 3*j + 139. Let r = 68 + i. List the prime factors of r.
2, 17
Let m(d) = d**2 + 6*d. List the prime factors of m(-7).
7
Let p(f) = 3*f**2 + 5*f + 2. List the prime factors of p(-3).
2, 7
Let x(a) = a**2 + 5. What are the prime factors of x(-5)?
2, 3, 5
What are the prime factors of (-101)/(-2) + (-1)/2?
2, 5
Suppose 3*z - 8 = -z. Suppose -z*k + k = 0. What are the prime factors of k + -2 - (-14 - -1)?
11
Let z(s) be the second derivative of -s**3/3 - 3*s**2 - 3*s. What are the prime factors of z(-9)?
2, 3
Let t(c) = -2*c**3 - 8*c**2 - 2*c + 9. List the prime factors of t(-5).
3, 23
Suppose -5*m + 1644 = -m. List the prime factors of m.
3, 137
List the prime factors of (-1 - -10) + 4 + (-3)/1.
2, 5
Suppose -3*o - 5*d = -6 - 1, -5*o + 21 = -d. What are the prime factors of -1 + o - (-8 - 0)?
11
Suppose -8*b + 22 = -7*b. What are the prime factors of b?
2, 11
Let a(w) = -w**2 - 6*w - 1. Let i be a(-4). Let f = -3 + i. Suppose -x = 4*l - 93, -f*x = -5*x + 5. What are the prime factors of l?
2, 11
Suppose 2 - 14 = -2*r. Suppose 4*y - 5*n = 12, 4*n - r = -2*y - n. List the prime factors of y.
3
Suppose -67 - 33 = -5*a. List the prime factors of a.
2, 5
Suppose -2*j + 8 = 4. List the prime factors of (j + (-28)/1)*-1.
2, 13
Let z(p) = -p**2 + 4*p + 6. Let r be z(5). Suppose a + r = 6. Suppose -3*q + 3*w = -45, 4*w - 3 - a = 0. List the prime factors of q.
17
Let q = -37 + 53. Let c = q - 10. What are the prime factors of c?
2, 3
Suppose f - s + 3 = 0, 0 = 5*f + s + 8 + 1. Let r be -6*(2 + f/(-6)). What are the prime factors of (-4)/r + 160/28?
2, 3
Suppose -3*j - 3 = 3. Let d(a) = a**2 + 2*a + 2. Let n be d(j). Suppose 4*c - 36 = g, -4*g + 40 = n*c + g. List the prime factors of c.
2, 5
Let i be (30/(-12))/((-1)/2). Suppose 3 = -4*d + 2*d - z, i*z - 5 = 0. Let g(s) = -s**3 - 2*s - 1. List the prime factors of g(d).
11
Suppose 2*g + 8 = 3*p, 0*g = p + 3*g + 12. Suppose 9*m - 10*m + 5 = 0. Suppose 0 = 3*v - v + 2*h - 36, p = m*v + 4*h - 89. What are the prime factors of v?
17
Let c(n) = n + 1. Let t(x) = 7*x + 1. Let r(u) = 2*c(u) - t(u). What are the prime factors of r(-1)?
2, 3
Suppose 2*p + 2 = 18. Let t(q) = 2*q - 9. Let k be t(7). Let b = p - k. What are the prime factors of b?
3
Let z(i) = -i**3 + 5*i**2 - i + 3. Let u be z(5). Let h be 1/2*u - -1. Suppose h = 4*c - 68 + 4. List the prime factors of c.
2
Suppose 400 = -a + 9*a. List the prime factors of a.
2, 5
List the prime factors of (-385)/(-28) + 1/4.
2, 7
Suppose 282 = -3*k - 4*z, -4*k + 35 - 401 = 2*z. Let l = k + 59. Let o = -19 - l. List the prime factors of o.
2, 3
Let v(m) = 6*m**2 - m - 1. Let s be v(-1). Suppose 0*z + s = z. What are the prime factors of (z/(-7))/(2/(-14))?
2, 3
Let i = 92 - -179. List the prime factors of i.
271
Let f(u) = -u**2 - u + 3. Let x be f(-6). Let o = x - -43. What are the prime factors of o?
2
Suppose 3*c - 164 = c. What are the prime factors of c?
2, 41
Let l(k) = -2*k**3 - 4*k**2 - 2*k + 2. Let m be l(-2). Let n be m/9*(-27)/(-6). List the prime factors of 1/3 + 26/n.
3
Suppose -3*q + 8*q - 55 = 0. List the prime factors of q.
11
Suppose -4*m + h + 211 = 0, 2*m + 161 = 5*m + 2*h. List the prime factors of m.
53
Suppose 4*x = 5*f - 12 - 0, 0 = 5*f - x - 18. Suppose f*l - 2 = 14. Let q(h) = 2*h**2 - 7*h + 4. List the prime factors of q(l).
2
Let d be (-4)/(-14) - (-136)/14. List the prime factors of 48/5 - (-4)/d.
2, 5
Let i(z) = z**3 - 2*z**2 - 2*z. Let n be i(3). Suppose 1 - n = -r. Suppose -48 = -2*q - r*q. List the prime factors of q.
2, 3
Suppose g = 2*z + 14, -1 - 2 = -2*g - z. What are the prime factors of g?
2
Suppose 5*d = 7 + 18. List the prime factors of (24/d)/((-18)/(-60)).
2
Let r(x) = -x**3 - 4*x**2 - x + 1. Let c be r(-4). Let l = c - 1. Suppose -l*t = -0*t - 44. List the prime factors of t.
11
Let w(i) = i**3 + 6*i**2 + 5*i + 4. Let a be w(-5). List the prime factors of 0 - a/(-2) - 0.
2
Let y = 20 - -11. What are the prime factors of y?
31
Let b(o) = 3*o**2 - 2 + 1 + o**3 + 3. Let w be b(-3). Suppose -w*y + 4*y - 22 = -2*j, 3*j - 17 = 5*y. What are the prime factors of j?
3
What are the prime factors of -2 + (0 + -11)*(-5 + -3)?
2, 43
Let h(f) = f + 4. Let o be h(-3). Suppose o = -g + 3. What are the prime factors of (2 - g) + 6 + 4?
2, 5
Let o be ((-6)/(-4))/(2/4). Suppose -2*d - o*m + 0 = -10, m - 8 = 4*d. Let p = 6 + d. List the prime factors of p.
5
Let p = 12 - 9. Suppose -p*g = -23 - 67. List the prime factors of g.
2, 3, 5
What are the prime factors of ((-8)/80 + (-2)/5)*-208?
2, 13
What are the prime factors of (176 + -11)*1/3?
5, 11
Suppose 0 = 4*l - x - 76, -2*l - 50 = -5*l - x. Let n = -13 + l. Suppose -52 + 2 = -n*h. List the prime factors of h.
2, 5
Let w be (10/4)/(1/(-4)). Let k be w/45 + 76/18. Suppose 2*t = -k*x + 25 + 1, -4*t = -5*x + 39. What are the prime factors of x?
7
Suppose -3*f = 4*t - 519, t = 6*f - f + 147. List the prime factors of t.
2, 3, 11
Suppose -q - 12 = -4*q. Let y = 12 - 8. Suppose y + 60 = q*c. List the prime factors of c.
2
Let s(n) = -n**2 + 12*n + 12. Let u be s(12). Let z = -30 + 49. Let j = z - u. What are the prime factors of j?
7
Suppose 27 = 3*j + 66. Let v = j - -9. Let f = 16 + v. What are the prime factors of f?
2, 3
Suppose 13*w = 6*w + 1904. What are the prime factors of w?
2, 17
Suppose 6*w - 507 = 237. What are the prime factors of w?
2, 31
Let n = 41 + -18. What are the prime factors of n?
23
Let o(k) = k**2 + 3*k - 5. Let